ivided by 200?
198
What is the remainder when 26129 is divided by 188?
185
What is the remainder when 2573 is divided by 133?
46
Calculate the remainder when 216861 is divided by 5043.
12
What is the remainder when 39129 is divided by 65?
64
Calculate the remainder when 59259 is divided by 1288.
11
What is the remainder when 58234 is divided by 19409?
7
Calculate the remainder when 1610 is divided by 783.
44
Calculate the remainder when 122747 is divided by 990.
977
Calculate the remainder when 15777 is divided by 3.
0
Calculate the remainder when 760 is divided by 212.
124
Calculate the remainder when 6093 is divided by 1153.
328
Calculate the remainder when 50670 is divided by 16847.
129
What is the remainder when 645279 is divided by 15?
9
What is the remainder when 65115 is divided by 21705?
0
Calculate the remainder when 847317 is divided by 32.
21
Calculate the remainder when 22495 is divided by 10636.
1223
Calculate the remainder when 2553 is divided by 350.
103
Calculate the remainder when 277922 is divided by 66.
62
Calculate the remainder when 9992 is divided by 194.
98
What is the remainder when 55548 is divided by 806?
740
Calculate the remainder when 26334 is divided by 941.
927
Calculate the remainder when 1473 is divided by 183.
9
Calculate the remainder when 18538 is divided by 56.
2
What is the remainder when 73141 is divided by 301?
299
What is the remainder when 345 is divided by 25?
20
What is the remainder when 82313 is divided by 336?
329
What is the remainder when 28119 is divided by 469?
448
Calculate the remainder when 87058 is divided by 28.
6
What is the remainder when 1018 is divided by 92?
6
Calculate the remainder when 5039 is divided by 179.
27
Calculate the remainder when 9458 is divided by 55.
53
Calculate the remainder when 1903 is divided by 126.
13
Calculate the remainder when 19342 is divided by 87.
28
Calculate the remainder when 1580 is divided by 29.
14
Calculate the remainder when 4486 is divided by 894.
16
Calculate the remainder when 46585 is divided by 76.
73
Calculate the remainder when 2264 is divided by 109.
84
Calculate the remainder when 49563 is divided by 4944.
123
Calculate the remainder when 12940 is divided by 43.
40
What is the remainder when 4372 is divided by 339?
304
Calculate the remainder when 3204462 is divided by 664.
662
Calculate the remainder when 3945420 is divided by 269.
266
What is the remainder when 56740 is divided by 208?
164
Calculate the remainder when 31428 is divided by 30.
18
Calculate the remainder when 35592 is divided by 635.
32
Calculate the remainder when 22835 is divided by 951.
11
What is the remainder when 10327 is divided by 10274?
53
Calculate the remainder when 9608 is divided by 49.
4
Calculate the remainder when 2621 is divided by 265.
236
Calculate the remainder when 19790 is divided by 2826.
8
Calculate the remainder when 35253 is divided by 641.
639
What is the remainder when 2734 is divided by 967?
800
What is the remainder when 83012 is divided by 1856?
1348
What is the remainder when 296681 is divided by 93?
11
Calculate the remainder when 7758 is divided by 337.
7
What is the remainder when 311516 is divided by 31?
28
Calculate the remainder when 1393330 is divided by 6830.
10
What is the remainder when 257565 is divided by 3103?
16
What is the remainder when 153750 is divided by 76875?
0
What is the remainder when 10866 is divided by 22?
20
What is the remainder when 1901979 is divided by 59?
55
Calculate the remainder when 411 is divided by 284.
127
What is the remainder when 2613 is divided by 976?
661
What is the remainder when 14224 is divided by 2368?
16
Calculate the remainder when 221076 is divided by 4171.
13
Calculate the remainder when 4207 is divided by 36.
31
Calculate the remainder when 22124 is divided by 820.
804
Calculate the remainder when 1978 is divided by 1.
0
Calculate the remainder when 2818 is divided by 54.
10
Calculate the remainder when 7711 is divided by 7657.
54
What is the remainder when 949 is divided by 7?
4
Calculate the remainder when 6635 is divided by 471.
41
Calculate the remainder when 2689004 is divided by 24.
20
Calculate the remainder when 11141 is divided by 272.
261
Calculate the remainder when 1994 is divided by 316.
98
Calculate the remainder when 13734 is divided by 4571.
21
Calculate the remainder when 1396 is divided by 7.
3
What is the remainder when 94128 is divided by 13445?
13
Calculate the remainder when 1672 is divided by 18.
16
Calculate the remainder when 610 is divided by 58.
30
What is the remainder when 14367 is divided by 1319?
1177
Calculate the remainder when 41348 is divided by 276.
224
Calculate the remainder when 896 is divided by 319.
258
What is the remainder when 14678 is divided by 2094?
20
What is the remainder when 319740 is divided by 26?
18
Calculate the remainder when 38053 is divided by 4.
1
Calculate the remainder when 13829 is divided by 47.
11
What is the remainder when 1856 is divided by 1678?
178
Calculate the remainder when 1369476 is divided by 73.
69
What is the remainder when 1786 is divided by 781?
224
What is the remainder when 280849 is divided by 140414?
21
Calculate the remainder when 11423477 is divided by 146.
145
Calculate the remainder when 5346007 is divided by 237.
235
What is the remainder when 123838 is divided by 80?
78
Calculate the remainder when 14530 is divided by 469.
460
What is the remainder when 1587 is divided by 519?
30
Calculate the remainder when 14648 is divided by 541.
41
Calculate the remainder when 189144 is divided by 980.
4
What is the remainder when 2617 is divided by 172?
37
What is the remainder when 2346 is divided by 504?
330
What is the remainder when 3843 is divided by 36?
27
Calculate the remainder when 1009 is divided by 491.
27
What is the remainder when 2339 is divided by 265?
219
What is the remainder when 685 is divided by 161?
41
Calculate the remainder when 767 is divided by 209.
140
What is the remainder when 1996 is divided by 178?
38
What is the remainder when 4214 is divided by 274?
104
Calculate the remainder when 5691503 is divided by 336.
335
Calculate the remainder when 940632 is divided by 19.
18
Calculate the remainder when 202594 is divided by 1107.
13
Calculate the remainder when 203700 is divided by 1741.
3
Calculate the remainder when 122847 is divided by 349.
348
What is the remainder when 69608 is divided by 255?
248
What is the remainder when 13678 is divided by 80?
78
What is the remainder when 27193 is divided by 8?
1
What is the remainder when 355072 is divided by 5?
2
Calculate the remainder when 139817 is divided by 46587.
56
Calculate the remainder when 631 is divided by 554.
77
Calculate the remainder when 216926 is divided by 53.
50
Calculate the remainder when 57798 is divided by 1923.
108
Calculate the remainder when 27070 is divided by 222.
208
What is the remainder when 100712 is divided by 25177?
4
Calculate the remainder when 1256 is divided by 747.
509
What is the remainder when 202617 is divided by 17?
11
What is the remainder when 31989 is divided by 31?
28
What is the remainder when 1605 is divided by 636?
333
Calculate the remainder when 43437 is divided by 1313.
108
What is the remainder when 9101373 is divided by 1472?
1469
Calculate the remainder when 197890 is divided by 414.
412
Calculate the remainder when 574 is divided by 71.
6
Calculate the remainder when 40843 is divided by 40842.
1
What is the remainder when 1616431 is divided by 403?
401
What is the remainder when 1557 is divided by 164?
81
What is the remainder when 59093 is divided by 868?
69
Calculate the remainder when 34210 is divided by 1490.
1430
What is the remainder when 735178 is divided by 14?
10
Calculate the remainder when 902690 is divided by 8597.
5
Calculate the remainder when 3851 is divided by 596.
275
What is the remainder when 518312 is divided by 12?
8
What is the remainder when 10911 is divided by 5449?
13
Calculate the remainder when 618796 is divided by 910.
906
Calculate the remainder when 5346 is divided by 489.
456
What is the remainder when 199870 is divided by 199838?
32
What is the remainder when 7076 is divided by 1699?
280
Calculate the remainder when 821908 is divided by 711.
703
What 